 the greatest common divisor of 13 and 7004621?
13
What is the highest common divisor of 177920 and 384?
128
What is the greatest common factor of 468 and 2756?
52
Calculate the highest common divisor of 2258477 and 13.
13
What is the highest common factor of 2240 and 27860?
140
Calculate the highest common factor of 34317 and 135.
27
Calculate the highest common divisor of 326246 and 314.
314
What is the highest common factor of 2360 and 258184?
472
What is the greatest common divisor of 1740 and 1380?
60
Calculate the greatest common factor of 1824 and 1536.
96
Calculate the greatest common factor of 6495 and 10095.
15
What is the highest common divisor of 1116 and 641421?
279
What is the greatest common divisor of 873525 and 180?
15
Calculate the highest common divisor of 18 and 69291.
9
What is the highest common factor of 4864 and 255512?
152
Calculate the greatest common factor of 1107 and 102049.
41
Calculate the highest common divisor of 110 and 2384030.
110
Calculate the highest common factor of 71753 and 242.
121
Calculate the highest common factor of 581 and 33283.
83
Calculate the greatest common divisor of 1218435 and 290.
145
Calculate the greatest common factor of 222 and 10427673.
111
Calculate the highest common factor of 813 and 1457980.
271
Calculate the greatest common divisor of 3666 and 130.
26
Calculate the highest common divisor of 34160 and 560.
560
Calculate the highest common divisor of 2187395 and 70.
35
What is the highest common factor of 48 and 8898464?
16
What is the highest common divisor of 214 and 488669?
107
Calculate the greatest common divisor of 575 and 3778325.
575
What is the highest common divisor of 16438 and 2?
2
Calculate the highest common divisor of 55 and 243881.
11
What is the greatest common factor of 2144 and 1888?
32
What is the greatest common divisor of 24940 and 5332?
172
Calculate the greatest common divisor of 66 and 324951.
33
What is the greatest common divisor of 10314 and 469860?
1146
Calculate the greatest common factor of 2816 and 245696.
704
Calculate the greatest common divisor of 15141 and 1617.
147
Calculate the greatest common divisor of 72 and 126216.
72
Calculate the highest common factor of 2592 and 7695.
81
Calculate the highest common divisor of 2445 and 12675.
15
What is the highest common factor of 3346941 and 39?
39
What is the highest common divisor of 36 and 133236?
36
What is the greatest common divisor of 464 and 377?
29
What is the highest common divisor of 10008 and 248?
8
What is the greatest common factor of 11560 and 760?
40
What is the greatest common divisor of 16385 and 863885?
565
Calculate the highest common divisor of 105 and 2012565.
15
What is the highest common factor of 82 and 23165?
41
Calculate the highest common divisor of 284 and 14058.
142
Calculate the highest common divisor of 660 and 31260.
60
What is the highest common factor of 130 and 5570?
10
What is the greatest common factor of 75786 and 3502?
34
What is the highest common divisor of 64 and 35152?
16
Calculate the greatest common factor of 348940 and 6862.
146
Calculate the greatest common factor of 7546 and 1540.
154
What is the greatest common divisor of 2793695 and 17?
17
Calculate the greatest common factor of 2130 and 3408.
426
What is the highest common divisor of 41105 and 40?
5
Calculate the greatest common divisor of 670772 and 1587.
529
What is the highest common factor of 416 and 102432?
32
What is the highest common divisor of 281658 and 8478?
942
What is the greatest common divisor of 1280 and 530?
10
What is the greatest common divisor of 413 and 199007?
59
What is the highest common factor of 70626 and 5513?
149
What is the highest common divisor of 1023 and 5016?
33
Calculate the greatest common divisor of 1053 and 270049.
13
Calculate the highest common divisor of 6077 and 78352.
59
Calculate the highest common factor of 3966 and 27.
3
What is the highest common factor of 1044 and 2436?
348
Calculate the highest common factor of 5484 and 379767.
1371
Calculate the highest common factor of 776 and 550378.
194
What is the greatest common factor of 54710 and 10?
10
What is the highest common divisor of 5068 and 41804?
28
Calculate the highest common factor of 20099 and 1592.
199
Calculate the greatest common factor of 84 and 24672.
12
What is the greatest common divisor of 156 and 36764?
52
What is the highest common factor of 1080 and 1512?
216
Calculate the highest common divisor of 140 and 27055.
35
What is the greatest common divisor of 4230 and 162?
18
What is the greatest common divisor of 89089 and 364?
91
What is the highest common divisor of 1269 and 519867?
423
What is the highest common divisor of 15568 and 1792?
112
Calculate the highest common divisor of 59481 and 27.
27
Calculate the highest common factor of 9 and 9549.
9
Calculate the greatest common factor of 285 and 113145.
285
What is the greatest common divisor of 14 and 712838?
14
Calculate the greatest common divisor of 29036 and 1938.
34
Calculate the greatest common factor of 613 and 39.
1
Calculate the greatest common divisor of 32636 and 32238.
398
Calculate the greatest common divisor of 84 and 651.
21
What is the highest common divisor of 15640 and 94530?
230
Calculate the greatest common divisor of 272 and 142290.
34
What is the greatest common factor of 433615 and 315?
35
What is the highest common factor of 24102 and 1404?
234
Calculate the highest common divisor of 154090 and 50.
10
What is the highest common factor of 8 and 2653?
1
What is the greatest common factor of 48906 and 468?
234
Calculate the highest common factor of 874 and 97546.
38
Calculate the greatest common factor of 9132 and 948.
12
Calculate the highest common divisor of 33663 and 98.
49
Calculate the greatest common divisor of 87884 and 6574.
346
What is the greatest common divisor of 236 and 14664332?
236
Calculate the greatest common factor of 20190 and 60.
30
Calculate the greatest common divisor of 1488 and 8618.
62
Calculate the greatest common factor of 25625 and 459375.
625
What is the greatest common divisor of 150 and 41805?
15
Calculate the highest common divisor of 10516 and 220.
44
Calculate the highest common divisor of 9850 and 150.
50
Calculate the greatest common divisor of 6093 and 207.
9
Calculate the highest common divisor of 3014 and 44.
22
What is the highest common factor of 648 and 295326?
162
What is the greatest common factor of 2236 and 104?
52
Calculate the highest common factor of 19230 and 810.
30
Calculate the greatest common divisor of 100392 and 19928.
376
Calculate the highest common divisor of 6 and 14214186.
6
Calculate the highest common factor of 160 and 131120.
80
What is the greatest common factor of 64 and 862688?
32
What is the highest common divisor of 218 and 6108142?
218
What is the greatest common factor of 12 and 668910?
6
Calculate the highest common divisor of 2502431 and 1051.
1051
What is the highest common factor of 507399 and 969?
51
What is the highest common factor of 4630964 and 52?
52
Calculate the highest common divisor of 3105 and 8763.
69
Calculate the greatest common factor of 605847 and 2178.
363
Calculate the greatest common divisor of 24887 and 41.
41
What is the greatest common divisor of 96050 and 272?
34
What is the greatest common divisor of 3478 and 752?
94
Calculate the greatest common factor of 37479 and 936.
39
What is the highest common divisor of 132 and 134629?
11
Calculate the greatest common factor of 2059 and 319.
29
Calculate the highest common divisor of 47244 and 2032.
508
Calculate the greatest common factor of 1335 and 4140.
15
What is the greatest common factor of 62 and 743411?
31
Calculate the greatest common factor of 471 and 2472.
3
Calculate the highest common factor of 35264 and 580.
116
What is the highest common factor of 619226 and 1636?
818
What is the highest common divisor of 16376 and 598?
46
What is the highest common factor of 770 and 52850?
70
Calculate the highest common factor of 68 and 26282.
34
Calculate the highest common divisor of 778 and 42401.
389
What is the greatest common factor of 8 and 36760?
8
What is the greatest common factor of 20 and 246595?
5
Calculate the highest common factor of 1728740 and 109.
109